 of 8445533?
3
What is the hundreds digit of 881805?
8
What is the millions digit of 5707298?
5
What is the thousands digit of 1033759?
3
What is the hundreds digit of 1935088?
0
What is the millions digit of 1687551?
1
What is the millions digit of 2152363?
2
What is the hundred thousands digit of 186143?
1
What is the units digit of 145785?
5
What is the hundreds digit of 131600?
6
What is the units digit of 84476?
6
What is the hundreds digit of 2941777?
7
What is the millions digit of 12352378?
2
What is the units digit of 3386396?
6
What is the thousands digit of 15101852?
1
What is the hundred thousands digit of 1778246?
7
What is the thousands digit of 451933?
1
What is the hundreds digit of 168214?
2
What is the hundred thousands digit of 10008427?
0
What is the hundred thousands digit of 2380918?
3
What is the hundreds digit of 405946?
9
What is the units digit of 1059331?
1
What is the millions digit of 5094277?
5
What is the tens digit of 15386129?
2
What is the ten thousands digit of 874238?
7
What is the hundred thousands digit of 3790637?
7
What is the hundred thousands digit of 20638982?
6
What is the units digit of 9526038?
8
What is the tens digit of 2248144?
4
What is the ten thousands digit of 385007?
8
What is the units digit of 1467973?
3
What is the millions digit of 2121134?
2
What is the tens digit of 565987?
8
What is the units digit of 3168459?
9
What is the ten thousands digit of 15077451?
7
What is the millions digit of 8014074?
8
What is the ten thousands digit of 10240680?
4
What is the units digit of 212433?
3
What is the hundred thousands digit of 208517?
2
What is the hundreds digit of 292244?
2
What is the hundreds digit of 2232779?
7
What is the units digit of 2666755?
5
What is the tens digit of 49628?
2
What is the hundred thousands digit of 291858?
2
What is the ten thousands digit of 1154220?
5
What is the hundreds digit of 2357135?
1
What is the hundreds digit of 270164?
1
What is the units digit of 314377?
7
What is the tens digit of 544391?
9
What is the ten thousands digit of 10767031?
6
What is the tens digit of 8947483?
8
What is the ten thousands digit of 469199?
6
What is the millions digit of 2731637?
2
What is the units digit of 2707899?
9
What is the hundreds digit of 701723?
7
What is the tens digit of 8601481?
8
What is the units digit of 12322632?
2
What is the ten thousands digit of 4805210?
0
What is the thousands digit of 125637?
5
What is the hundreds digit of 58376?
3
What is the units digit of 82399?
9
What is the ten thousands digit of 756002?
5
What is the ten thousands digit of 3395997?
9
What is the units digit of 1469277?
7
What is the hundreds digit of 10628?
6
What is the units digit of 23281612?
2
What is the tens digit of 15081498?
9
What is the tens digit of 69403?
0
What is the millions digit of 1585561?
1
What is the ten thousands digit of 4926305?
2
What is the tens digit of 3166140?
4
What is the units digit of 30532128?
8
What is the units digit of 66150?
0
What is the units digit of 54000?
0
What is the hundreds digit of 2573?
5
What is the units digit of 20625308?
8
What is the ten thousands digit of 689622?
8
What is the units digit of 4144492?
2
What is the thousands digit of 1334135?
4
What is the thousands digit of 10916461?
6
What is the thousands digit of 90125?
0
What is the ten thousands digit of 424200?
2
What is the units digit of 1615375?
5
What is the millions digit of 27926645?
7
What is the hundreds digit of 132334?
3
What is the units digit of 829626?
6
What is the thousands digit of 540716?
0
What is the hundreds digit of 3209563?
5
What is the units digit of 45974?
4
What is the thousands digit of 710213?
0
What is the hundreds digit of 902066?
0
What is the ten thousands digit of 2301490?
0
What is the ten thousands digit of 195493?
9
What is the units digit of 3242152?
2
What is the thousands digit of 52315?
2
What is the ten thousands digit of 56311?
5
What is the millions digit of 1070396?
1
What is the hundred thousands digit of 161885?
1
What is the hundreds digit of 22764?
7
What is the ten thousands digit of 18508?
1
What is the ten thousands digit of 132342?
3
What is the thousands digit of 11254584?
4
What is the units digit of 1640574?
4
What is the thousands digit of 7579622?
9
What is the tens digit of 4236212?
1
What is the thousands digit of 2824480?
4
What is the ten thousands digit of 51129?
5
What is the hundreds digit of 3422108?
1
What is the millions digit of 10813131?
0
What is the ten thousands digit of 3935210?
3
What is the ten thousands digit of 236787?
3
What is the ten millions digit of 12348573?
1
What is the ten thousands digit of 931062?
3
What is the ten thousands digit of 13446102?
4
What is the hundreds digit of 5408444?
4
What is the hundreds digit of 74787?
7
What is the units digit of 209293?
3
What is the units digit of 1394181?
1
What is the thousands digit of 12594241?
4
What is the thousands digit of 915045?
5
What is the units digit of 243685?
5
What is the ten thousands digit of 9228366?
2
What is the tens digit of 16907934?
3
What is the tens digit of 2423523?
2
What is the units digit of 125009?
9
What is the tens digit of 413785?
8
What is the millions digit of 9411444?
9
What is the ten thousands digit of 13709019?
0
What is the units digit of 1363279?
9
What is the hundred thousands digit of 258876?
2
What is the millions digit of 3626431?
3
What is the hundred thousands digit of 39612444?
6
What is the hundreds digit of 78830?
8
What is the hundreds digit of 289893?
8
What is the ten thousands digit of 4563903?
6
What is the units digit of 237382?
2
What is the hundred thousands digit of 17445942?
4
What is the units digit of 29326433?
3
What is the ten thousands digit of 3574908?
7
What is the thousands digit of 2870942?
0
What is the ten thousands digit of 4602866?
0
What is the hundreds digit of 58988?
9
What is the thousands digit of 2289339?
9
What is the hundred thousands digit of 129864?
1
What is the hundred thousands digit of 1054844?
0
What is the hundreds digit of 6948204?
2
What is the thousands digit of 1566401?
6
What is the hundreds digit of 683967?
9
What is the tens digit of 12342641?
4
What is the thousands digit of 659207?
9
What is the ten thousands digit of 15494?
1
What is the units digit of 1380532?
2
What is the ten thousands digit of 1185988?
8
What is the ten thousands digit of 1004976?
0
What is the units digit of 6061421?
1
What is the tens digit of 217718?
1
What is the hundreds digit of 2702451?
4
What is the millions digit of 1691507?
1
What is the hundred thousands digit of 23317817?
3
What is the millions digit of 2860228?
2
What is the thousands digit of 133809?
3
What is the ten thousands digit of 1955732?
5
What is the units digit of 1082249?
9
What is the thousands digit of 3944541?
4
What is the hundreds digit of 29443879?
8
What is the tens digit of 295025?
2
What is the hundreds digit of 24831?
8
What is the tens digit of 166586?
8
What is the ten thousands digit of 7315034?
1
What is the units digit of 1718728?
8
What is the millions digit of 5559437?
5
What is the thousands digit of 321449?
1
What is the hundred thousands digit of 272128?
2
What is the tens digit of 40676?
7
What is the millions digit of 2207239?
2
What is the units digit of 1012474?
4
What is the tens digit of 4082555?
5
What is the units digit of 1742522?
2
What is the tens digit of 2964737?
3
What is the ten thousands digit of 540344?
4
What is the thousands digit of 368619?
8
What is the thousands digit of 4406988?
6
What is the hundreds digit of 181066?
0
What is the units digit of 1633019?
9
What is the thousands digit of 29141819?
1
What is the hundreds digit of 48414?
4
What is the thousands digit of 1551593?
1
What is the tens digit of 1487190?
9
What is the ten thousands digit of 245134?
4
What is the tens digit of 3404853?
5
What is the units digit of 288855?
5
What is the tens digit of 1498785?
8
What is the hundred thousands digit of 341479?
3
What is the thousands digit of 11054509?
4
What is the thousands digit of 1263303?
3
What is the hundreds digit of 6361522?
5
What is the hundreds digit of 201324?
3
What is the ten thousands digit of 254748?
5
What is the hundreds digit o